-632)/(-72)). Let x(f) = -2 - d*f - 6*f + 5 + 7 - f**3 + 6*f**2. Let c be x(4). Let i(z) = 3*z**3 + z**2 + 1. What is i(c)?
29
Let b(u) = -u**3 + 7*u**2 - 8*u - 1. Suppose -3*j + 2*f = -5, -4*f = 2*j - 17 + 3. Let c be 3/4*4*(j - 1). Give b(c).
-13
Suppose -35 = 4*r + r. Let a = r - -4. Let j(p) = -5*p. Let l(f) = -31*f - 5. Let o(w) = 6*j(w) - l(w). Calculate o(a).
2
Suppose -2*f + 590 = -3710. Suppose -19*h = -288 + f. Let b = 104 + h. Let v(y) = y**3 - 5*y**2 - 5*y - 8. What is v(b)?
-2
Let m(q) = -14*q**2 - 4*q + 31. Let b(l) = 82*l**2 + l - 176*l**2 - 8 + 97*l**2. Let y(i) = 9*b(i) + 2*m(i). Calculate y(0).
-10
Let r(h) = 2*h**2 - 81 + 27 + 27 + 31. Determine r(2).
12
Let y(r) = r**3 + 6*r**2 + 3*r - 6. Let m be y(-5). Let o(z) = -103*z + 400*z - 99*z - 95*z - 100*z. Determine o(m).
12
Let c(b) be the first derivative of b**6/360 - 13*b**5/120 + b**4/8 - 5*b**3 + 2*b + 75. Let q(a) be the third derivative of c(a). Give q(12).
-9
Let r(y) = y**2 - 6*y + 8. Let q(f) = -2*f**2 + 28*f - 60. Let h be q(11). Determine r(h).
8
Let h(x) = 2*x**2 + x**3 + 0*x**2 - 2*x + 0*x**2 + 1. Let f = -159 - -229. Let g = f - 69. What is h(g)?
2
Let w = -10 - -7. Let d(h) = -13*h + 21*h - 4*h - 51*h**2 + 53*h**2 + 2. What is d(w)?
8
Let x(n) be the second derivative of 2*n**2 + 5/3*n**3 - 9 - 1/12*n**4 - 4*n. What is x(10)?
4
Let j(u) = -20*u - 507. Let r(x) = 9*x + 232. Let i(b) = -6*j(b) - 13*r(b). Calculate i(-12).
-10
Let n(c) be the third derivative of -c**4/12 + 5*c**3/3 + 306*c**2 - c. Let f(a) = -2*a**3 - a**2 - 2. Let v be f(-2). Determine n(v).
-10
Let k be 1/(104/144 + (14/(-9))/7). Let p(s) = -4*s**3 + 3*s**2. What is p(k)?
-20
Suppose 0 = 429*c - 466*c - 148. Let n(t) = -t**3 + t**2 + 6*t + 10. What is n(c)?
66
Let x(d) be the third derivative of -d**4/8 + d**3/3 + d**2. Suppose 62704*h + 3 = 62707*h. Determine x(h).
-1
Let s(a) = 2*a**3 + 19*a**2 + a - 8. Let y be (21 + (-234)/39)*3/10*-2. Calculate s(y).
64
Let p(c) = c**2 + 6*c + 4. Suppose -4*f + 8 = 20, y = -f + 1. Suppose 63 = y*j + 5*j. Suppose 0 = 4*o - 0*o + 3*r + 7, -5*r + j = 2*o. Determine p(o).
-4
Let v(l) = -8*l + 15. Let t(u) = -4*u + 8. Let h(x) = 7*t(x) - 4*v(x). Let d(k) = 3*k - 24. Let g be (-4)/14 + -3 + 86/7. Let r be d(g). Give h(r).
8
Suppose 15*u - 10*u - 23 = -2*m, 0 = -5*u - 5*m + 20. Let c(s) = -5*s**2 + 7*s - 8. Calculate c(u).
-98
Let o = 4 - 2. Let z(d) be the second derivative of -27*d + 0 + d**2 - 1/2*d**3. Give z(o).
-4
Suppose 4*q + 4*r - 13 = -1, 0 = -q + 5*r - 15. Suppose -2*k + 56 + 70 = q. Let t be 6/(-14) - (-6)/k*-69. Let x(c) = -2*c - 10. Give x(t).
4
Suppose -3*d + 3*f + 17 = 2, 5*f - 2 = -4*d. Let r(t) be the third derivative of -t**6/120 + t**5/30 + t**4/24 - 2*t**3/3 + 28*t**2 - 1. Give r(d).
-10
Let j(l) = 349*l + 21. Let h(k) = 262*k + 21. Let c(d) = -4*h(d) + 3*j(d). Determine c(-10).
-11
Let l(w) = -6*w + 22 - 3*w - w**2 + w. Suppose h - 5*d - 45 = 0, -2*d - 9384 + 9402 = -4*h. Calculate l(h).
2
Let z(j) = j**2 - 8*j + 1. Let t(f) = -339*f - 670. Let k be t(-2). Determine z(k).
1
Let m(s) = 917*s - 488*s - s**2 - 132 - 454*s. Give m(-18).
-6
Let q(p) = -p + 4. Suppose 23*j + 218 = -277 + 81. Calculate q(j).
22
Let w(a) = -a - 1. Let h be w(-8). Let y(q) = h - 8*q + q**2 + q - 5*q**2 + 3*q**2. Let c be (-4 - (-26)/6)*-21. Determine y(c).
7
Let z be -15 + (-3318)/(-147) - (-2 - 18/(-7)). Let k(l) = l**3 - 9*l**2 + 31*l - 128. Give k(z).
-9
Let r(l) = l**2 + l - 4. Let p(w) = -5*w**2 - 2*w + 22. Let q(k) = -p(k) - 6*r(k). Give q(-8).
-30
Let i(n) be the second derivative of n**6/360 - n**5/120 + 17*n**4/12 + n**3/3 + 22*n**2 - 8*n + 3. Let c(s) be the second derivative of i(s). Calculate c(0).
34
Let n(z) = -2*z**3 + 2 + 32*z**2 + z**3 + 8 + 2*z - 7*z - 24*z**2. Let y(j) = j**3 - 20*j**2 - 21*j + 8. Let x be y(21). What is n(x)?
-30
Let l(j) = -24*j**3 + j**2 + j + 1. Let a be l(-1). Suppose -9*o + 119*o = 3960. Let h(c) = a*c - o*c + 17*c. What is h(-2)?
-12
Let u be (-5 - 0) + (-760)/(-5). Let i(f) = 146*f + 0*f**3 - 294*f - 6*f**2 + f**3 + u*f. Determine i(6).
-6
Let z be (-12)/(-42) + 88/(-14). Let k(i) be the first derivative of -i**4/4 - 2*i**3 + 3*i**2/2 - 4*i + 787. What is k(z)?
-22
Let d(z) = -z**2 - 22*z + 13. Let u = 553 - 575. Determine d(u).
13
Let l(w) = -5*w - 3. Let x(p) = -63*p - 20. Let n(u) = -6*l(u) + x(u). Give n(1).
-35
Suppose 10 + 18 = -2*o. Let d(c) be the second derivative of -c**4/12 - 5*c**3/2 - 11*c**2/2 - c - 2. What is d(o)?
3
Let m(f) = -f + 27. Let i(d) = -24*d + 1402. Let b be i(58). Determine m(b).
17
Let o(l) = -l**2 - 2*l - 7. Let g(k) = -k - 2. Suppose 10 = -5*q + 5. Let d(h) = q*o(h) + 2*g(h). Calculate d(4).
19
Suppose -240 = -v - 5*v. Let g = -32 + v. Suppose 11*b - 7*b = g. Let f(r) = r + 2. Determine f(b).
4
Let m(c) be the second derivative of -c**6/360 - c**5/60 + c**4/4 + 17*c**3/6 - c**2 + 48*c. Let b(u) be the second derivative of m(u). Determine b(4).
-18
Let l(p) = -14*p**3 - 4*p**2 + 8*p - 4. Let f be l(3). Let w = 392 + f. Let j(t) = t**2 + t + 3. What is j(w)?
5
Suppose 0 = 4*j - 4. Let n be (-1)/3*-8*6/8. Let c(f) = 2418*f**2 - 1208*f**n + 1 - 1205*f**2 - f. Give c(j).
5
Let s(z) = 42*z**3 + 250*z**2 + 160*z - 266. Let c(i) = -10*i**3 - 63*i**2 - 40*i + 67. Let n(l) = 25*c(l) + 6*s(l). What is n(38)?
3
Let i(b) be the third derivative of -b**5/60 + b**4/3 + 2*b**3/3 + b**2. Suppose 125*l - 143*l = -126. Give i(l).
11
Suppose 3*o + 19 = -4*g, 5*g + 25 = -3*o - 2*o. Let l(m) = 1 + 48*m**2 + 3*m**2 - 50*m**2 + 3 - 3 + 2*m. Calculate l(o).
0
Let v(s) be the first derivative of 1/4*s**4 + 2*s - 5/3*s**3 - 7/2*s**2 - 41. Determine v(6).
-4
Let y(p) be the second derivative of -p**3/2 - 32*p**2 - 1430*p. Calculate y(-27).
17
Let j(x) = x**3 + 12*x**2 + 11*x. Let c be (-21)/(-567) + 2086/(-189). What is j(c)?
0
Let l(n) be the first derivative of 5*n**2/2 - 5. Let j(f) = -f**3 + 9*f**2 + 40*f - 356. Let b be j(9). Calculate l(b).
20
Let u(q) be the first derivative of 7*q**3/3 - q**2 - 10*q - 4961. What is u(-2)?
22
Suppose 3*u = -u + 28. Let l = u - -2. Let d(v) = v**3 + 10*v + 5. Let c(h) = -5*h**3 + 9*h**2 - 41*h - 12. Let n(k) = -c(k) - 4*d(k). Give n(l).
1
Let r(p) = -p**3 - 6*p**2 - 5*p + 4. Suppose -2*c + 5*z = -745, -7*c - 1775 = -12*c - 5*z. Suppose 38*v = -22*v - c. Calculate r(v).
34
Let y be ((-145)/45 - -3)/((-1)/9). Let a(b) = y - b**3 - 3 - 33*b**2 - 44*b**2 + 69*b**2. Determine a(-8).
-1
Let f(b) be the second derivative of -b**5/20 - b**4/4 + b**3/3 - b**2 - b. Let c = -2 + -6. Let y(p) = 7*p + 53. Let l be y(c). Determine f(l).
-8
Suppose -6*n = -8*n + 26. Let b = 8 - n. Let l(c) = -c**2 - 4*c - 2. Determine l(b).
-7
Suppose 9*j - 10 = 7*j. Suppose 6 = -2*w - j*o, -2*w = w - 3*o + 9. Let x(k) = 2*k**2 - k - 2. Calculate x(w).
19
Suppose 14*b + 6 = 8*b. Let h(s) be the second derivative of 16*s**3/3 + 44*s. What is h(b)?
-32
Let h(v) = v**2 - 5*v + 1. Let q be (12*2/(-4))/(2/10). Let s = -28 - q. Suppose -s*w + 3*w - 2 = t, 2*t = w. Determine h(w).
-3
Let k(h) = h**3 + 26*h**2 - 2*h - 43. Let g be (1 - 3)/((-96)/(-1392)) + 3/1. Calculate k(g).
9
Let o(h) = -h**2 - 13*h + 18. Let q = -560 - -557. Let y(l) = -l**2 + 4*l + 7. Let i be y(q). Determine o(i).
4
Suppose 1851 = 4*p - 3*s, 2*s + 0*s = 5*p - 2305. Let n = p - 464. Let k(m) = -m**2 - 4*m. Calculate k(n).
-5
Let g(w) = w**3 + 33*w**2 + 268*w - 21. Let i be g(-15). Let m(h) = h**3 - 5*h**2 - 38*h + 13. Determine m(i).
-5
Let v(h) = -h**3 - h**2 + 13*h - 2. Let c = -34049 - -34045. Calculate v(c).
-6
Let i = 338 + -339. Let l(z) = -14*z**2 + 5*z - 5. Let w(q) = 2*q**2 - q. Let a(h) = i*l(h) - 6*w(h). Determine a(4).
41
Let i(a) be the first derivative of a**6/360 + a**4/4 - a**3/3 + 37*a**2/2 + 64. Let l(v) be the third derivative of i(v). What is l(5)?
31
Suppose 5*m - 1 = -41. Let q(j) = 77. Let n(p) = -p + 381. Let k(s) = n(s) - 5*q(s). Determine k(m).
4
Let g(i) = -i**3 - i**2 - 2*i - 23. Let q be g(0). Let s = q - -26. Suppose -z = d - s, 3*d = 4*z - 0*d - 19. Let u(t) = t. Give u(z).
4
Let j(k) = 4*k**2 + 2*k**3 - k**3 - 5*k - 10*k**2. Let m be (9/(-135))/(66/(-7128)) + 12/(-10). Give j(m).
-30
Let i be 38*(-1)/(-14) + 8/28. Let v(f) be the third derivative of -f**6/120 + f**5/30 + 5*f**4/24 - f**3/2 - 16*f**2 - 10. Give v(i